{"id":93,"date":"2025-11-01T13:05:59","date_gmt":"2025-11-01T13:05:59","guid":{"rendered":"https:\/\/lovelygifts.eu\/?page_id=93"},"modified":"2025-11-01T14:16:43","modified_gmt":"2025-11-01T14:16:43","slug":"contacto","status":"publish","type":"page","link":"https:\/\/lovelygifts.eu\/index.php\/contacto\/","title":{"rendered":"Contacto"},"content":{"rendered":"\n<p>Para qualquer esclarecimento entre em contacto connosco atrav\u00e9s de qualquer um dos meios dispon\u00edveis:<\/p>\n\n\n\n<h2 class=\"wp-block-heading\">Contacto Telef\u00f3nico<\/h2>\n\n\n\n<p>926916872<\/p>\n\n\n\n<h2 class=\"wp-block-heading\">Morada<\/h2>\n\n\n\n<p><\/p>\n\n\n\n<h2 class=\"wp-block-heading\">Formul\u00e1rio de contacto<\/h2>\n\n\n\n<div class=\"wp-block-jetpack-contact-form\">\n\n\n<div class=\"jetpack-form-steps-wrapper\"><div class=\"wp-block-jetpack-form-step-container jetpack-form-step-container\">\n<div class=\"wp-block-jetpack-form-step\">\n<div>\n\n<\/div>\n\n\n\n<div>\n\n<\/div>\n\n\n\n<p><\/p>\n\n\n\n<div>\n\n<\/div>\n<\/div>\n\n\n\n<div class=\"wp-block-jetpack-form-step\">\n<div>\n\n<\/div>\n<\/div>\n\n\n\n<div class=\"wp-block-jetpack-form-step\">\n<div>\n\n<\/div>\n\n\n\n<div>\n\n<\/div>\n\n\n\n<p>\u2728 Est\u00e1 tudo! Clique em enviar e trataremos de lhe responder o mais brevemente poss\u00edvel.<\/p>\n<\/div>\n<\/div><\/div>\n\n\n\n<div class=\"wp-block-jetpack-form-step-navigation__wrapper\"><div class=\"wp-block-jetpack-form-step-navigation\">\n\n\n\n<\/div><\/div>\n<\/div>\n","protected":false},"excerpt":{"rendered":"<p>Para qualquer esclarecimento entre em contacto connosco atrav\u00e9s de qualquer um dos meios dispon\u00edveis: Contacto Telef\u00f3nico 926916872 Morada Formul\u00e1rio de contacto<\/p>\n","protected":false},"author":1,"featured_media":0,"parent":0,"menu_order":0,"comment_status":"closed","ping_status":"closed","template":"templates\/template-page-full-width.php","meta":{"footnotes":""},"class_list":["post-93","page","type-page","status-publish","hentry"],"_links":{"self":[{"href":"https:\/\/lovelygifts.eu\/index.php\/wp-json\/wp\/v2\/pages\/93","targetHints":{"allow":["GET"]}}],"collection":[{"href":"https:\/\/lovelygifts.eu\/index.php\/wp-json\/wp\/v2\/pages"}],"about":[{"href":"https:\/\/lovelygifts.eu\/index.php\/wp-json\/wp\/v2\/types\/page"}],"author":[{"embeddable":true,"href":"https:\/\/lovelygifts.eu\/index.php\/wp-json\/wp\/v2\/users\/1"}],"replies":[{"embeddable":true,"href":"https:\/\/lovelygifts.eu\/index.php\/wp-json\/wp\/v2\/comments?post=93"}],"version-history":[{"count":3,"href":"https:\/\/lovelygifts.eu\/index.php\/wp-json\/wp\/v2\/pages\/93\/revisions"}],"predecessor-version":[{"id":98,"href":"https:\/\/lovelygifts.eu\/index.php\/wp-json\/wp\/v2\/pages\/93\/revisions\/98"}],"wp:attachment":[{"href":"https:\/\/lovelygifts.eu\/index.php\/wp-json\/wp\/v2\/media?parent=93"}],"curies":[{"name":"wp","href":"https:\/\/api.w.org\/{rel}","templated":true}]}}